{"id":104,"date":"2025-01-30T13:37:37","date_gmt":"2025-01-30T12:37:37","guid":{"rendered":"https:\/\/www.niko-lindlar.de\/?page_id=104"},"modified":"2025-07-17T14:19:42","modified_gmt":"2025-07-17T12:19:42","slug":"angebot","status":"publish","type":"page","link":"https:\/\/www.experiencing-leadership.de\/?page_id=104","title":{"rendered":"KONTAKT"},"content":{"rendered":"\n<p>Ich biete individuelle Kurse f\u00fcr Teams und Gruppen aus Unternehmen, Universit\u00e4ten und Forschungseinrichtungen in verschiedenen Situationen: Ob der Start ins Leben als F\u00fchrungskraft vereinfacht werden soll oder eine besondere Fortbildung gefragt ist, ich finde die L\u00f6sung.<\/p>\n\n\n\n<p>Sie haben Interesse <mark style=\"background-color:rgba(0, 0, 0, 0);color:#95c8cb\" class=\"has-inline-color\"><strong>Leadership <\/strong><\/mark>zu <mark style=\"background-color:rgba(0, 0, 0, 0);color:#95c8cb\" class=\"has-inline-color\"><strong>Experiencen<\/strong><\/mark>?  Schicken Sie mir gerne eine Nachricht und ich melde mich mit einem individuellen Angebot!<\/p>\n\n\n\n<p>Kommentare, R\u00fcckfragen und Anregungen zu meinen Blog-Artikeln k\u00f6nnen auch gerne \u00fcber dieses Formular eingesandt werden.<\/p>\n\n\n<div class=\"wpforms-container wpforms-container-full wpforms-block wpforms-block-82a10504-b63c-41e9-904d-e07a5f324dbb wpforms-render-modern\" id=\"wpforms-155\"><form id=\"wpforms-form-155\" class=\"wpforms-validate wpforms-form wpforms-ajax-form\" data-formid=\"155\" method=\"post\" enctype=\"multipart\/form-data\" action=\"\/index.php?rest_route=%2Fwp%2Fv2%2Fpages%2F104\" data-token=\"09ff43888870730408333e19265f874a\" data-token-time=\"1777818016\"><noscript class=\"wpforms-error-noscript\">Bitte aktiviere JavaScript in deinem Browser, um dieses Formular fertigzustellen.<\/noscript><div class=\"wpforms-hidden\" id=\"wpforms-error-noscript\">Bitte aktiviere JavaScript in deinem Browser, um dieses Formular fertigzustellen.<\/div><div class=\"wpforms-field-container\"><div id=\"wpforms-155-field_1-container\" class=\"wpforms-field wpforms-field-name\" data-field-id=\"1\"><fieldset><legend class=\"wpforms-field-label\">Name <span class=\"wpforms-required-label\" aria-hidden=\"true\">*<\/span><\/legend><div class=\"wpforms-field-row wpforms-field-medium\"><div class=\"wpforms-field-row-block wpforms-first wpforms-one-half\"><input type=\"text\" id=\"wpforms-155-field_1\" class=\"wpforms-field-name-first wpforms-field-required\" name=\"wpforms[fields][1][first]\" aria-errormessage=\"wpforms-155-field_1-error\" required><label for=\"wpforms-155-field_1\" class=\"wpforms-field-sublabel after\">Vorname<\/label><\/div><div class=\"wpforms-field-row-block wpforms-one-half\"><input type=\"text\" id=\"wpforms-155-field_1-last\" class=\"wpforms-field-name-last wpforms-field-required\" name=\"wpforms[fields][1][last]\" aria-errormessage=\"wpforms-155-field_1-last-error\" required><label for=\"wpforms-155-field_1-last\" class=\"wpforms-field-sublabel after\">Nachname<\/label><\/div><\/div><\/fieldset><\/div><div id=\"wpforms-155-field_2-container\" class=\"wpforms-field wpforms-field-email\" data-field-id=\"2\"><label class=\"wpforms-field-label\" for=\"wpforms-155-field_2\">E-Mail-Adresse <span class=\"wpforms-required-label\" aria-hidden=\"true\">*<\/span><\/label><input type=\"email\" id=\"wpforms-155-field_2\" class=\"wpforms-field-medium wpforms-field-required\" name=\"wpforms[fields][2]\" spellcheck=\"false\" aria-errormessage=\"wpforms-155-field_2-error\" required><\/div><div id=\"wpforms-155-field_3-container\" class=\"wpforms-field wpforms-field-textarea\" data-field-id=\"3\"><label class=\"wpforms-field-label\" for=\"wpforms-155-field_3\">Kommentar oder Nachricht<\/label><textarea id=\"wpforms-155-field_3\" class=\"wpforms-field-medium\" name=\"wpforms[fields][3]\" aria-errormessage=\"wpforms-155-field_3-error\" ><\/textarea><\/div><\/div><!-- .wpforms-field-container --><div class=\"wpforms-recaptcha-container wpforms-is-hcaptcha\" ><div class=\"g-recaptcha\" data-sitekey=\"166e795e-47fa-4b9e-87fe-f8fe8f142b80\"><\/div><input type=\"text\" name=\"g-recaptcha-hidden\" class=\"wpforms-recaptcha-hidden\" style=\"position:absolute!important;clip:rect(0,0,0,0)!important;height:1px!important;width:1px!important;border:0!important;overflow:hidden!important;padding:0!important;margin:0!important;\" data-rule-hcaptcha=\"1\"><\/div><div class=\"wpforms-submit-container\" ><input type=\"hidden\" name=\"wpforms[id]\" value=\"155\"><input type=\"hidden\" name=\"page_title\" value=\"\"><input type=\"hidden\" name=\"page_url\" value=\"https:\/\/www.experiencing-leadership.de\/index.php?rest_route=\/wp\/v2\/pages\/104\"><button type=\"submit\" name=\"wpforms[submit]\" id=\"wpforms-submit-155\" class=\"wpforms-submit\" data-alt-text=\"Wird gesendet\u00a0\u2026\" data-submit-text=\"Absenden\" aria-live=\"assertive\" value=\"wpforms-submit\">Absenden<\/button><img loading=\"lazy\" decoding=\"async\" src=\"https:\/\/www.experiencing-leadership.de\/wp-content\/plugins\/wpforms-lite\/assets\/images\/submit-spin.svg\" class=\"wpforms-submit-spinner\" style=\"display: none;\" width=\"26\" height=\"26\" alt=\"Wird geladen\"><\/div><\/form><\/div>  <!-- .wpforms-container -->","protected":false},"excerpt":{"rendered":"<p>Ich biete individuelle Kurse f\u00fcr Teams und Gruppen aus Unternehmen, Universit\u00e4ten und Forschungseinrichtungen in verschiedenen Situationen: Ob der Start ins Leben als F\u00fchrungskraft vereinfacht werden soll oder eine besondere Fortbildung gefragt ist, ich finde die L\u00f6sung. Sie haben Interesse Leadership zu Experiencen? Schicken Sie mir gerne eine Nachricht und ich melde mich mit einem individuellen Angebot! Kommentare, R\u00fcckfragen und Anregungen zu meinen Blog-Artikeln k\u00f6nnen auch gerne \u00fcber dieses Formular eingesandt werden.<\/p>\n","protected":false},"author":3,"featured_media":0,"parent":0,"menu_order":0,"comment_status":"closed","ping_status":"closed","template":"","meta":{"footnotes":""},"class_list":["post-104","page","type-page","status-publish"],"_links":{"self":[{"href":"https:\/\/www.experiencing-leadership.de\/index.php?rest_route=\/wp\/v2\/pages\/104","targetHints":{"allow":["GET"]}}],"collection":[{"href":"https:\/\/www.experiencing-leadership.de\/index.php?rest_route=\/wp\/v2\/pages"}],"about":[{"href":"https:\/\/www.experiencing-leadership.de\/index.php?rest_route=\/wp\/v2\/types\/page"}],"author":[{"embeddable":true,"href":"https:\/\/www.experiencing-leadership.de\/index.php?rest_route=\/wp\/v2\/users\/3"}],"replies":[{"embeddable":true,"href":"https:\/\/www.experiencing-leadership.de\/index.php?rest_route=%2Fwp%2Fv2%2Fcomments&post=104"}],"version-history":[{"count":8,"href":"https:\/\/www.experiencing-leadership.de\/index.php?rest_route=\/wp\/v2\/pages\/104\/revisions"}],"predecessor-version":[{"id":279,"href":"https:\/\/www.experiencing-leadership.de\/index.php?rest_route=\/wp\/v2\/pages\/104\/revisions\/279"}],"wp:attachment":[{"href":"https:\/\/www.experiencing-leadership.de\/index.php?rest_route=%2Fwp%2Fv2%2Fmedia&parent=104"}],"curies":[{"name":"wp","href":"https:\/\/api.w.org\/{rel}","templated":true}]}}